 + 6. Let h(q) = q**3 - 7*q**2 - q + 11. Let d be h(7). Let k(w) = -w**2 + w. Let y(v) = d*k(v) + c(v). What is the tens digit of y(-9)?
7
Suppose -8 = h - 11. Suppose h*w - 2*c - 9 = 0, -4*c + 7*c - 34 = -5*w. Suppose w*d = 6*d - 121. What is the hundreds digit of d?
1
Let f be 9 + 397 + (-1 - 2/(-2)). Let g = f - -15. What is the tens digit of g?
2
Suppose -2*w + 12*w - 10 = 0. Let r be ((-632)/4)/((1/(-2))/w). Let d = -215 + r. What is the tens digit of d?
0
Suppose 0 = -23*p + 3*p - 180. What is the hundreds digit of 797 + 0/(7 + p)?
7
Let m = 155 - 147. Let w(j) = 86*j + 2. What is the units digit of w(m)?
0
Suppose 49*a - 346 + 52 = 0. Suppose l = -y + 1247, -5*y + 8*l + 6235 = a*l. What is the hundreds digit of y?
2
Let z(a) = -a**3 - 22*a**2 - 38*a + 42. Let s be z(-20). What is the tens digit of (2/(-3))/(s/(-2202))?
3
Suppose 0*v = 2*v + 4, -3*s + 3*v - 96 = 0. Let l = s + 36. What is the tens digit of (-2)/l*23*(-12)/4?
6
Let z = 89394 - 53338. What is the units digit of z?
6
Suppose 0 = -1219*q + 1227*q - 51688. What is the units digit of q?
1
Let o(a) = a**2 - 12*a + 31. Suppose -4 = 6*c - 2*c, 3*p - c - 43 = 0. What is the tens digit of o(p)?
5
What is the units digit of 2*-8*(-12 + -6 + -894)?
2
Suppose 3*s + 15 = 0, -2*c + 1067 = 2*s - 671. Let r be -2*1/2*-2. Suppose -5*b = -a - c, 538 = 3*b + r*a - 6*a. What is the units digit of b?
4
Suppose -4*l + r + 1305 = 0, -12*l + 5*r = -7*l - 1620. Let i = -186 + l. What is the hundreds digit of i?
1
Let l(t) = -34295*t - 6845. What is the units digit of l(-3)?
0
Let h be (16/6)/(4/(-48)). Suppose p + 8 - 83 = a, 3*p = -4*a + 225. Let f = p + h. What is the units digit of f?
3
Let f(l) = 392*l + 221. What is the thousands digit of f(5)?
2
Let y(g) = -g**3 + 2*g**2 - 8*g + 12. Let p be y(2). Let t(j) = -3*j**3 + j**2 - 5*j - 2. What is the units digit of t(p)?
6
Let t = 131 + -41. Let n be ((-207)/t + (-2)/10)*-6. Let z = 34 - n. What is the units digit of z?
9
Suppose 6*c = 4*c + 2838. Suppose -5*q + 3*i + 456 = -c, 4*i = -2*q + 776. What is the units digit of q?
8
Let w be 26/39 + 4*(-84)/(-9). Let f(t) = 2*t**2 - 58*t + 89. What is the hundreds digit of f(w)?
7
Suppose 331*s - 11459 = 328*s - 5*x, 19019 = 5*s - 3*x. What is the thousands digit of s?
3
Suppose 0 = 23*m - 115889 + 10365. Suppose 0 = -51*k + 17240 + m. What is the hundreds digit of k?
4
Suppose 2*s + 3*s - 15 = 0. Suppose -6*l + s*l = 5*p - 1, 4*p + 3*l = 2. What is the tens digit of p/(3/69*-1)?
2
Suppose -7*h + 4*h - 3994 = -2*n, -2*n + 4*h = -3988. What is the tens digit of n?
0
Suppose 119*g - 58*g - 80572 = 57*g. What is the ten thousands digit of g?
2
Suppose -412*m - 4713231 = -19905731. What is the units digit of m?
5
Let s(q) = -80*q + 11. Suppose 0 = -5*b - 2*x - 23, -3*b + 4*x - 1 = 2*x. What is the tens digit of s(b)?
5
Let c(q) = 38*q**2 + 16*q - 79. What is the units digit of c(10)?
1
Let k = 20491 - -3101. What is the thousands digit of k?
3
Suppose 35 = 5*z + 46*h - 51*h, 3*z = -5*h + 29. Let k = 54 + -20. Suppose z*p - k = 70. What is the tens digit of p?
1
Let k(w) = -2*w + 2. Let u(x) = -110*x - 11. Let c(q) = k(q) - u(q). What is the tens digit of c(4)?
4
Let l(i) be the first derivative of 61*i**3/3 - 11*i**2 + 65*i - 92. What is the hundreds digit of l(3)?
5
Suppose -6*g = -2*g + 4*t - 552, -4*g - t = -552. Suppose 2*i = -2*c - 154, 4*c + 288 = -56*i + 57*i. Let j = g + c. What is the tens digit of j?
6
Let m be -5 - (4 + -3) - -3820. Let i = m + -2704. What is the hundreds digit of i?
1
Suppose -11*b + 1680 = b. Suppose 1414 = 13*t + b. What is the tens digit of t?
9
Let f be 1 + -1*3 - -9. Let u(l) be the first derivative of 2*l**3/3 + 3*l**2 - 16*l - 329. What is the hundreds digit of u(f)?
1
Let s(p) = -2*p**3 - 9*p**2 + 45*p - 239. What is the units digit of s(-26)?
9
Let l = 603 - 578. Suppose -l = -5*j, -7*a - 4*j = -8*a + 887. What is the hundreds digit of a?
9
What is the ten thousands digit of ((-39)/(-13))/(3/24471)?
2
Let d(i) be the second derivative of 3*i**4 + 2*i**3 + 3*i**2/2 - 2*i - 54. What is the hundreds digit of d(3)?
3
Suppose -18360 - 45900 = -14*b. What is the thousands digit of b?
4
Suppose -2*s + 1385 = 7*m - 4*m, 0 = 4*m - 5*s - 1862. Let p = m - 155. What is the units digit of p?
8
Let h = -117 - -247. Suppose 0 = -4*u - 2*r + 3*r + 122, -3*r = 4*u - h. Let t = u + -4. What is the tens digit of t?
2
Let n = -48182 + 83490. What is the units digit of (2 - (-32)/(-7))*n/(-78)?
4
Let k(r) = -27*r**3 - 3*r**2 - r + 3. Let j be k(-3). Let l = j - 364. What is the units digit of l?
4
Suppose -m = 5*a + 17, 5*a - 14 = -5*m - 39. What is the units digit of ((440/a)/(-11))/(3/81)?
0
Suppose -84*k + 50 = -79*k. Suppose 0 = 2*u + 2*z - 1098, -k = 3*z + 2. Suppose -6*i + 161 = -u. What is the hundreds digit of i?
1
Let q be (-37)/(-6) - (-4)/(-24). Let y(l) = 59*l + 6. Let r be y(q). Suppose 39*n - 35*n = r. What is the units digit of n?
0
Suppose -4*u + u - 36 = 0. Let d = -31 - u. Let i = 80 - d. What is the units digit of i?
9
Suppose -31*d + 14 + 48 = 0. Suppose r - 4 = 0, 0 = d*u + 2*r - 271 - 563. What is the hundreds digit of u?
4
Suppose -2*k - k = -z - 10, 0 = 5*k + 2*z - 13. Let l(h) = 8*h + 27. What is the units digit of l(k)?
1
Let c be 54*7/((-21)/(-2)). Let g = c - 31. Suppose 3*u + 102 = g*w - 2*w, 3*w + 5*u - 110 = 0. What is the units digit of w?
5
Suppose 8*h = 3*w - 23768 - 2539, 3*w - 3*h - 26337 = 0. What is the thousands digit of w?
8
Let v be (-3)/(-15) - (-14)/5. Suppose 0 = -a - 5*d + 241, -254 = v*a + 3*d - 1013. What is the hundreds digit of a?
2
Let t = -7 - -34. Suppose 23*g - t*g = -268. Suppose -3*y = -17 - g. What is the units digit of y?
8
Suppose 76 = -2*l + 4*s, 3*s = -15 + 3. Let u(m) = m**3 + 45*m**2 - 40*m + 285. What is the units digit of u(l)?
9
Let q = -98 + 102. Let y(n) = 4*n**3 - 2*n**2 - n + 9. What is the tens digit of y(q)?
2
Let h be 42/35*(-160)/6. Let m be (-48)/h - (-2)/4. Let w(d) = 9*d**3 + 3*d - 3. What is the units digit of w(m)?
5
Suppose -4*g - 106 = -o + 6*o, -2*g - 2*o = 54. Let b = -7 - g. What is the tens digit of b?
2
Let h = -18561 - -26287. What is the hundreds digit of h?
7
Let t be (1 + 0 - 107)*(-3)/6. Let i = t + -49. Suppose -i*v + 13 = -19. What is the units digit of v?
8
Suppose 111*s - 106*s - 2*a = 10903, 2159 = s - 4*a. What is the hundreds digit of s?
1
Suppose -5*m = -56 + 161. What is the hundreds digit of 89*m/(-3) + (-10)/(-2)?
6
Let g be (-72)/(-96)*4*1. Suppose g*x + 5*m = 2055, m = x + 2*x - 2037. Suppose 8*a = 3*a + x. What is the hundreds digit of a?
1
Let j(u) = 20*u - 5. Let g(c) = -c**2 + 10*c - 9. Let p be g(9). Suppose 4 = 2*r - 5*x, p*x = -3*r + x + 19. What is the units digit of j(r)?
5
What is the hundreds digit of (-6)/(-75) + ((-4014588)/(-150) - -17)?
7
Let y(j) = -78*j + 11*j - 2 - 7*j - 26*j. Let c be y(1). Let u = 21 - c. What is the units digit of u?
3
Suppose 0*d = 16*d - 176. Let v(j) be the first derivative of 7*j**2/2 - 40*j - 1. What is the units digit of v(d)?
7
Let y be 3 - 0/((1 - 3)*-1). Suppose g - y*z = 8, -3*z - 10 = -3*g + g. Suppose g*v - 11 = 83. What is the units digit of v?
7
Let p = -210 - -213. Suppose p*n - 1420 = 4*h, -2*n - 2*h - 276 = -1204. What is the units digit of n?
8
Let q(i) = 3*i**2 - 26*i - 103. Let h be q(-26). Let t = -1813 + h. What is the tens digit of t?
8
Let z = -153 + 163. What is the hundreds digit of (55/z - 3)*10*5?
1
Suppose 13*r + 300 = 33*r. What is the tens digit of 2/10 - (-1062)/r?
7
Suppose -5*g = 5*j, j + j = -3*g + 3. Suppose 3*r - 22 = 4*i, -5*r + 4 = -7*r - 2*i. What is the tens digit of r/(-5 - j)*-46?
4
Let n(g) be the third derivative of g**5/20 - g**4/6 + 5*g**3/2 - 60*g**2. What is the tens digit of n(8)?
7
Let y be 4 + 2/(-7) - (-4)/14. Suppose 2*k - i = 2*i + 674, 1348 = y*k + 3*i. What is the tens digit of k?
3
Let a = 99673 + -63963. What is the units digit of a?
0
Suppose 2*u - 6 = -0*u + 2*k, -2*u - 3*k + 6 = 0. Suppose -3*o - 3*d = 60, 0 = -u*o + 4*o + 4*d + 20. Let q = o + 86. What is the tens digit of q?
6
Let a be 1*(97 + 2)*(10 + 7). Suppose 14*i = -3*i + a. What is the units digit of i?
9
Let m = -109 + 109. Let b(j) = -j**2 + 2*j + 407. What is the hundreds digit of b(m)?
4
Suppose 122*h + 96*h + 10110 = -29